{"id":4996,"date":"2025-04-22T07:06:38","date_gmt":"2025-04-22T05:06:38","guid":{"rendered":"https:\/\/iedib.net\/wordpress\/?page_id=4996"},"modified":"2026-03-26T19:47:15","modified_gmt":"2026-03-26T18:47:15","slug":"cfgs-dintegracio-social","status":"publish","type":"page","link":"https:\/\/iedib.net\/wordpress\/?page_id=4996","title":{"rendered":"CFGS d&#8217;integraci\u00f3 social (SSC33)"},"content":{"rendered":"\n<figure class=\"wp-block-image size-full\"><img data-recalc-dims=\"1\" loading=\"lazy\" decoding=\"async\" width=\"800\" height=\"100\" data-attachment-id=\"5005\" data-permalink=\"https:\/\/iedib.net\/wordpress\/?attachment_id=5005\" data-orig-file=\"https:\/\/i0.wp.com\/iedib.net\/wordpress\/wp-content\/uploads\/2025\/04\/unnamed.png?fit=1200%2C150&amp;ssl=1\" data-orig-size=\"1200,150\" data-comments-opened=\"0\" data-image-meta=\"{&quot;aperture&quot;:&quot;0&quot;,&quot;credit&quot;:&quot;&quot;,&quot;camera&quot;:&quot;&quot;,&quot;caption&quot;:&quot;&quot;,&quot;created_timestamp&quot;:&quot;0&quot;,&quot;copyright&quot;:&quot;&quot;,&quot;focal_length&quot;:&quot;0&quot;,&quot;iso&quot;:&quot;0&quot;,&quot;shutter_speed&quot;:&quot;0&quot;,&quot;title&quot;:&quot;&quot;,&quot;orientation&quot;:&quot;0&quot;}\" data-image-title=\"unnamed\" data-image-description=\"\" data-image-caption=\"\" data-large-file=\"https:\/\/i0.wp.com\/iedib.net\/wordpress\/wp-content\/uploads\/2025\/04\/unnamed.png?fit=800%2C100&amp;ssl=1\" src=\"https:\/\/i0.wp.com\/iedib.net\/wordpress\/wp-content\/uploads\/2025\/04\/unnamed.png?resize=800%2C100&#038;ssl=1\" alt=\"\" class=\"wp-image-5005\" srcset=\"https:\/\/i0.wp.com\/iedib.net\/wordpress\/wp-content\/uploads\/2025\/04\/unnamed.png?w=1200&amp;ssl=1 1200w, https:\/\/i0.wp.com\/iedib.net\/wordpress\/wp-content\/uploads\/2025\/04\/unnamed.png?resize=300%2C38&amp;ssl=1 300w, https:\/\/i0.wp.com\/iedib.net\/wordpress\/wp-content\/uploads\/2025\/04\/unnamed.png?resize=1024%2C128&amp;ssl=1 1024w, https:\/\/i0.wp.com\/iedib.net\/wordpress\/wp-content\/uploads\/2025\/04\/unnamed.png?resize=150%2C19&amp;ssl=1 150w, https:\/\/i0.wp.com\/iedib.net\/wordpress\/wp-content\/uploads\/2025\/04\/unnamed.png?resize=768%2C96&amp;ssl=1 768w\" sizes=\"auto, (max-width: 800px) 100vw, 800px\" \/><\/figure>\n\n\n\n<p><\/p>\n\n\n\n<p><strong>Funcionament dels m\u00f2duls<\/strong><\/p>\n\n\n\n<p>A la cap\u00e7alera de l\u2019aula virtual trobem l\u2019apartat funcionament del m\u00f2dul on s\u2019explica com funciona cada m\u00f2dul. Tamb\u00e9, s\u2019hi troba tot el material per poder seguir el curs, els recursos en format digital (no hi ha llibres de text, ja que tot est\u00e0 a l\u2019aula virtual) i les activitats en l\u00ednia. Hi ha un sol examen presencial al final de cada m\u00f2dul, que val el 45% de la nota final. Les activitats en l\u00ednia representen entre el 55% de la nota. Per aprovar el m\u00f2dul s\u2019han d\u2019obtenir una nota m\u00ednima de 5 de cada una de les parts.<\/p>\n\n\n\n<figure class=\"wp-block-table\"><table class=\"has-white-background-color has-background\"><thead><tr><th class=\"has-text-align-center\" data-align=\"center\"><strong>CURS<\/strong><\/th><th><strong>M\u00d2DULS<\/strong><\/th><th class=\"has-text-align-center\" data-align=\"center\"><strong>HORES LECTIVES<\/strong><\/th><th><strong>INDICACIONS ADDICIONALS<\/strong><\/th><\/tr><\/thead><tbody><tr><td class=\"has-text-align-center\" data-align=\"center\">1<\/td><td>0337 Context de la intervenci\u00f3 social<\/td><td class=\"has-text-align-center\" data-align=\"center\">160 h<\/td><td>1r QUADRIMESTRE<\/td><\/tr><tr><td class=\"has-text-align-center\" data-align=\"center\">1<\/td><td>0338 Inserci\u00f3 sociolaboral<\/td><td class=\"has-text-align-center\" data-align=\"center\">190\u202fh<\/td><td>Anual<\/td><\/tr><tr><td class=\"has-text-align-center\" data-align=\"center\">1<\/td><td>0340 Mediaci\u00f3 comunit\u00e0ria<\/td><td class=\"has-text-align-center\" data-align=\"center\">140 h<\/td><td>Anual<\/td><\/tr><tr><td class=\"has-text-align-center\" data-align=\"center\">1<\/td><td>0342 Promoci\u00f3 de l&#8217;autonomia personal<\/td><td class=\"has-text-align-center\" data-align=\"center\">190\u202fh<\/td><td>Algunes activitats amb angl\u00e8s<\/td><\/tr><tr><td class=\"has-text-align-center\" data-align=\"center\">1<\/td><td>0344 Metodologia de la intervenci\u00f3 social<\/td><td class=\"has-text-align-center\" data-align=\"center\">90 h<\/td><td>2n QUADRIMESTRE<\/td><\/tr><tr><td class=\"has-text-align-center\" data-align=\"center\">1<\/td><td>1709 Itinerari personal per a l\u2019ocupabilitat I<\/td><td class=\"has-text-align-center\" data-align=\"center\">90 h<\/td><td>1r QUADRIMESTRE<br>Convalidable amb FOL<\/td><\/tr><tr><td class=\"has-text-align-center\" data-align=\"center\">1<\/td><td>1665 Digitalitzaci\u00f3<\/td><td class=\"has-text-align-center\" data-align=\"center\">30h<\/td><td>2n QUADRIMESTRE<\/td><\/tr><tr><td class=\"has-text-align-center\" data-align=\"center\">2<\/td><td>0017 Habilitats socials<\/td><td class=\"has-text-align-center\" data-align=\"center\">100h<\/td><td>? QUADRIMESTRE<\/td><\/tr><tr><td class=\"has-text-align-center\" data-align=\"center\">2<\/td><td>0020 Primers auxilis<\/td><td class=\"has-text-align-center\" data-align=\"center\">70h<\/td><td><\/td><\/tr><tr><td class=\"has-text-align-center\" data-align=\"center\">2<\/td><td>0339 Atenci\u00f3 a les unitats de conviv\u00e8ncia<\/td><td class=\"has-text-align-center\" data-align=\"center\">160h<\/td><td><\/td><\/tr><tr><td class=\"has-text-align-center\" data-align=\"center\">2<\/td><td>0341 Suport a l&#8217;atenci\u00f3 socioeducativa<\/td><td class=\"has-text-align-center\" data-align=\"center\">140h<\/td><td><\/td><\/tr><tr><td class=\"has-text-align-center\" data-align=\"center\">2<\/td><td>0343 Sistemes augmentatius i alternatius de comunicaci\u00f3<\/td><td class=\"has-text-align-center\" data-align=\"center\">190h<\/td><td><\/td><\/tr><tr><td class=\"has-text-align-center\" data-align=\"center\">2<\/td><td>0345 Projecte intermodular<\/td><td class=\"has-text-align-center\" data-align=\"center\">50h<\/td><td>2n QUADRIMESTRE<\/td><\/tr><tr><td class=\"has-text-align-center\" data-align=\"center\">2<\/td><td>0179 Angl\u00e8s professional<\/td><td class=\"has-text-align-center\" data-align=\"center\">120h<\/td><td>2n QUADRIMESTRE<\/td><\/tr><tr><td class=\"has-text-align-center\" data-align=\"center\">2<\/td><td>1708 Sostenibilitat aplicada al sistema productiu<\/td><td class=\"has-text-align-center\" data-align=\"center\">30h<\/td><td>1r QUADRIMESTRE<\/td><\/tr><tr><td class=\"has-text-align-center\" data-align=\"center\">2<\/td><td>1710 Itinerari personal per a l\u2019ocupabilitat II<\/td><td class=\"has-text-align-center\" data-align=\"center\">60h<\/td><td>2n QUADRIMESTRE<\/td><\/tr><tr><td class=\"has-text-align-center\" data-align=\"center\">2<\/td><td>M\u00f2dul optatiu (Joves i educaci\u00f3 no formal\/catal\u00e0 b\u00e0sic\/intermedi\/alemany)<\/td><td class=\"has-text-align-center\" data-align=\"center\">80h<\/td><td>1r QUADRIMESTRE<\/td><\/tr><\/tbody><\/table><figcaption class=\"wp-element-caption\"><em>*Durant el curs 25-26 nom\u00e9s s&#8217;implantaran m\u00f2duls de primer, ja que \u00e9s un cicle de nova implantaci\u00f3.<\/em><br><br><strong>De qu\u00e8 treballar\u00e0s?<\/strong><br>T\u00e8cnica\/t\u00e8cnic de programes de prevenci\u00f3 i inserci\u00f3 social.<br>Educador\/educadora d&#8217;equipaments residencials de divers tipus.<br>Treballador\/treballadora familiar.<br>Auxiliar de tutela.<br>T\u00e8cnica\/t\u00e8cnic d&#8217;integraci\u00f3 social.<br>Educador\/educadora d&#8217;educaci\u00f3 especial.<br>Monitor\/monitora de persones amb discapacitat.<br>T\u00e8cnica\/t\u00e8cnic de mobilitat b\u00e0sica.<br>Mediador\/mediadora ocupacional o laboral.<br>Mediador\/mediadora comunit\u00e0ria i intercultural.<br>T\u00e8cnica\/t\u00e8cnic en ocupaci\u00f3 amb suport.<br>T\u00e8cnica\/t\u00e8cnic d&#8217;acompanyament laboral.<br>Monitor\/monitora de rehabilitaci\u00f3 psicosocial.<br><br><strong>On treballar\u00e0s?<\/strong><br>Pots treballar al sector dels serveis a les persones, a \u00e0rees assistencials, educatives, de suport en la gesti\u00f3 dom\u00e8stica i psicosocial, aix\u00ed com al sector dels serveis a la comunitat, brindant atenci\u00f3 psicosocial a col\u00b7lectius i persones en desavantatge social, mediaci\u00f3 comunit\u00e0ria, inserci\u00f3 ocupacional i laboral, i promoci\u00f3 d&#8217;igualtat d&#8217;oportunitats.<br><br><strong>Acc\u00e9s a estudis posteriors i altres formacions professionals:<\/strong><br>Un altre cicle formatiu d\u2019FP de grau mitj\u00e0 o de grau superior amb la possibilitat d\u2019establir convalidacions de m\u00f2duls d\u2019acord amb la normativa vigent.<br>El batxillerat en qualsevol de les seves modalitats.<br>Certificats de professionalitat de nivell 1, 2 i 3.<\/figcaption><\/figure>\n\n\n\n<p><\/p>\n","protected":false},"excerpt":{"rendered":"<p>Funcionament dels m\u00f2duls A la cap\u00e7alera de l\u2019aula virtual trobem l\u2019apartat funcionament del m\u00f2dul on s\u2019explica com funciona cada m\u00f2dul. Tamb\u00e9, s\u2019hi troba tot el material per poder seguir el &#8230;<\/p>\n","protected":false},"author":1,"featured_media":0,"parent":0,"menu_order":0,"comment_status":"closed","ping_status":"closed","template":"","meta":{"jetpack_post_was_ever_published":false,"footnotes":""},"class_list":["post-4996","page","type-page","status-publish","hentry"],"jetpack_sharing_enabled":true,"jetpack_shortlink":"https:\/\/wp.me\/Pa5Owj-1iA","jetpack-related-posts":[{"id":3230,"url":"https:\/\/iedib.net\/wordpress\/?page_id=3230","url_meta":{"origin":4996,"position":0},"title":"CFGS Projectes d&#8217;edificacions","author":"wp_admin","date":"12 maig, 2022","format":false,"excerpt":"Fam\u00edlia professional: Edificaci\u00f3 i obra civil T\u00edtol que s\u2019obt\u00e9: Projectes d'edificaci\u00f3 (EOC31) Funcionament dels m\u00f2duls A la cap\u00e7alera de l\u2019aula virtual trobem l\u2019apartat funcionament del m\u00f2dul on s\u2019explica com funciona cada m\u00f2dul. Tamb\u00e9, s\u2019hi troba tot el material per poder seguir el curs, els recursos en format digital (no hi\u2026","rel":"","context":"Entrada similar","block_context":{"text":"Entrada similar","link":""},"img":{"alt_text":"","src":"https:\/\/i0.wp.com\/iedib.net\/wordpress\/wp-content\/uploads\/2022\/05\/GMS-edificacions.png?resize=350%2C200&ssl=1","width":350,"height":200,"srcset":"https:\/\/i0.wp.com\/iedib.net\/wordpress\/wp-content\/uploads\/2022\/05\/GMS-edificacions.png?resize=350%2C200&ssl=1 1x, https:\/\/i0.wp.com\/iedib.net\/wordpress\/wp-content\/uploads\/2022\/05\/GMS-edificacions.png?resize=525%2C300&ssl=1 1.5x, https:\/\/i0.wp.com\/iedib.net\/wordpress\/wp-content\/uploads\/2022\/05\/GMS-edificacions.png?resize=700%2C400&ssl=1 2x"},"classes":[]},{"id":119,"url":"https:\/\/iedib.net\/wordpress\/?page_id=119","url_meta":{"origin":4996,"position":1},"title":"CFGM atenci\u00f3 a persones en situaci\u00f3 de depend\u00e8ncia","author":"wp_admin","date":"29 abril, 2018","format":false,"excerpt":"Fam\u00edlia professional: Serveis socioculturals i a la comunitat (SSC) T\u00edtol que s\u2019obt\u00e9: T\u00e8cnic en Atenci\u00f3 a persones en situaci\u00f3 de depend\u00e8ncia (SSC21) Funcionament dels m\u00f2duls A la cap\u00e7alera de l\u2019aula virtual trobam l\u2019apartat funcionament del m\u00f2dul on s\u2019explica com funciona cada m\u00f2dul. Tamb\u00e9, s\u2019hi troba tot el material per poder\u2026","rel":"","context":"Entrada similar","block_context":{"text":"Entrada similar","link":""},"img":{"alt_text":"","src":"https:\/\/i0.wp.com\/iedib.net\/wordpress\/wp-content\/uploads\/2022\/05\/GM-Atencio%CC%81.png?resize=350%2C200&ssl=1","width":350,"height":200,"srcset":"https:\/\/i0.wp.com\/iedib.net\/wordpress\/wp-content\/uploads\/2022\/05\/GM-Atencio%CC%81.png?resize=350%2C200&ssl=1 1x, https:\/\/i0.wp.com\/iedib.net\/wordpress\/wp-content\/uploads\/2022\/05\/GM-Atencio%CC%81.png?resize=525%2C300&ssl=1 1.5x, https:\/\/i0.wp.com\/iedib.net\/wordpress\/wp-content\/uploads\/2022\/05\/GM-Atencio%CC%81.png?resize=700%2C400&ssl=1 2x"},"classes":[]},{"id":1350,"url":"https:\/\/iedib.net\/wordpress\/?page_id=1350","url_meta":{"origin":4996,"position":2},"title":"CFGM sistemes microinform\u00e0tics i xarxes","author":"wp_admin","date":"13 mar\u00e7, 2019","format":false,"excerpt":"Fam\u00edlia professional: Inform\u00e0tica i comunicacions (IFC) T\u00edtol que s\u2019obt\u00e9: T\u00e8cnic en sistemes microinform\u00e0tics i xarxes (IFC21) Funcionament dels m\u00f2duls A la cap\u00e7alera de l\u2019aula virtual trobam l\u2019apartat funcionament del m\u00f2dul on s\u2019explica com funciona cada m\u00f2dul. Tamb\u00e9, s\u2019hi troba tot el material per poder seguir el curs, els recursos en\u2026","rel":"","context":"Entrada similar","block_context":{"text":"Entrada similar","link":""},"img":{"alt_text":"","src":"https:\/\/i0.wp.com\/iedib.net\/wordpress\/wp-content\/uploads\/2025\/06\/Informatica-1.png?resize=350%2C200&ssl=1","width":350,"height":200,"srcset":"https:\/\/i0.wp.com\/iedib.net\/wordpress\/wp-content\/uploads\/2025\/06\/Informatica-1.png?resize=350%2C200&ssl=1 1x, https:\/\/i0.wp.com\/iedib.net\/wordpress\/wp-content\/uploads\/2025\/06\/Informatica-1.png?resize=525%2C300&ssl=1 1.5x, https:\/\/i0.wp.com\/iedib.net\/wordpress\/wp-content\/uploads\/2025\/06\/Informatica-1.png?resize=700%2C400&ssl=1 2x"},"classes":[]},{"id":1356,"url":"https:\/\/iedib.net\/wordpress\/?page_id=1356","url_meta":{"origin":4996,"position":3},"title":"CFGS  d\u2019administraci\u00f3 de sistemes inform\u00e0tics en xarxa","author":"wp_admin","date":"13 mar\u00e7, 2019","format":false,"excerpt":"Fam\u00edlia professional: Inform\u00e0tica i comunicacions T\u00edtol que s\u2019obt\u00e9: T\u00e8cnic superior en administraci\u00f3 de sistemes inform\u00e0tics en xarxa (IFC31) Funcionament dels m\u00f2duls A la cap\u00e7alera de l\u2019aula virtual trobam l\u2019apartat funcionament del m\u00f2dul on s\u2019explica com funciona cada m\u00f2dul. Tamb\u00e9, s\u2019hi troba tot el material per poder seguir el curs, els\u2026","rel":"","context":"Entrada similar","block_context":{"text":"Entrada similar","link":""},"img":{"alt_text":"","src":"https:\/\/i0.wp.com\/iedib.net\/wordpress\/wp-content\/uploads\/2022\/06\/Informatica-1-1.png?resize=350%2C200&ssl=1","width":350,"height":200,"srcset":"https:\/\/i0.wp.com\/iedib.net\/wordpress\/wp-content\/uploads\/2022\/06\/Informatica-1-1.png?resize=350%2C200&ssl=1 1x, https:\/\/i0.wp.com\/iedib.net\/wordpress\/wp-content\/uploads\/2022\/06\/Informatica-1-1.png?resize=525%2C300&ssl=1 1.5x, https:\/\/i0.wp.com\/iedib.net\/wordpress\/wp-content\/uploads\/2022\/06\/Informatica-1-1.png?resize=700%2C400&ssl=1 2x"},"classes":[]},{"id":3232,"url":"https:\/\/iedib.net\/wordpress\/?page_id=3232","url_meta":{"origin":4996,"position":4},"title":"Curs d&#8217;especialitzaci\u00f3 en intel\u00b7lig\u00e8ncia artificial i dades massives","author":"wp_admin","date":"13 maig, 2022","format":false,"excerpt":"Funcionament dels m\u00f2duls A la cap\u00e7alera de l\u2019aula virtual trobam l\u2019apartat funcionament del m\u00f2dul on s\u2019explica com funciona cada m\u00f2dul. Tamb\u00e9, s\u2019hi troba tot el material per poder seguir el curs, els recursos en format digital (no hi ha llibres de text, ja que tot est\u00e0 a l\u2019aula virtual) i\u2026","rel":"","context":"Entrada similar","block_context":{"text":"Entrada similar","link":""},"img":{"alt_text":"","src":"https:\/\/i0.wp.com\/iedib.net\/wordpress\/wp-content\/uploads\/2022\/05\/BID-DATA.png?resize=350%2C200&ssl=1","width":350,"height":200,"srcset":"https:\/\/i0.wp.com\/iedib.net\/wordpress\/wp-content\/uploads\/2022\/05\/BID-DATA.png?resize=350%2C200&ssl=1 1x, https:\/\/i0.wp.com\/iedib.net\/wordpress\/wp-content\/uploads\/2022\/05\/BID-DATA.png?resize=525%2C300&ssl=1 1.5x, https:\/\/i0.wp.com\/iedib.net\/wordpress\/wp-content\/uploads\/2022\/05\/BID-DATA.png?resize=700%2C400&ssl=1 2x"},"classes":[]},{"id":1343,"url":"https:\/\/iedib.net\/wordpress\/?page_id=1343","url_meta":{"origin":4996,"position":5},"title":"CFGM d\u2019instal\u00b7lacions el\u00e8ctriques i autom\u00e0tiques","author":"wp_admin","date":"12 mar\u00e7, 2019","format":false,"excerpt":"Fam\u00edlia professional: Electricitat i electr\u00f2nica (ELE) \u00a0T\u00edtol que s\u2019obt\u00e9: T\u00e8cnic\u00a0 d'instal\u00b7lacions el\u00e8ctriques i autom\u00e0tiques (ELE21) A la cap\u00e7alera de l\u2019aula virtual trobam l\u2019apartat funcionament del m\u00f2dul on s\u2019explica com funciona cada m\u00f2dul. Tamb\u00e9, s\u2019hi troba tot el material per poder seguir el curs, els recursos en format digital (no hi\u2026","rel":"","context":"Entrada similar","block_context":{"text":"Entrada similar","link":""},"img":{"alt_text":"","src":"https:\/\/i0.wp.com\/iedib.net\/wordpress\/wp-content\/uploads\/2022\/05\/ELECTRICITAT.png?resize=350%2C200&ssl=1","width":350,"height":200,"srcset":"https:\/\/i0.wp.com\/iedib.net\/wordpress\/wp-content\/uploads\/2022\/05\/ELECTRICITAT.png?resize=350%2C200&ssl=1 1x, https:\/\/i0.wp.com\/iedib.net\/wordpress\/wp-content\/uploads\/2022\/05\/ELECTRICITAT.png?resize=525%2C300&ssl=1 1.5x, https:\/\/i0.wp.com\/iedib.net\/wordpress\/wp-content\/uploads\/2022\/05\/ELECTRICITAT.png?resize=700%2C400&ssl=1 2x"},"classes":[]}],"_links":{"self":[{"href":"https:\/\/iedib.net\/wordpress\/index.php?rest_route=\/wp\/v2\/pages\/4996","targetHints":{"allow":["GET"]}}],"collection":[{"href":"https:\/\/iedib.net\/wordpress\/index.php?rest_route=\/wp\/v2\/pages"}],"about":[{"href":"https:\/\/iedib.net\/wordpress\/index.php?rest_route=\/wp\/v2\/types\/page"}],"author":[{"embeddable":true,"href":"https:\/\/iedib.net\/wordpress\/index.php?rest_route=\/wp\/v2\/users\/1"}],"replies":[{"embeddable":true,"href":"https:\/\/iedib.net\/wordpress\/index.php?rest_route=%2Fwp%2Fv2%2Fcomments&post=4996"}],"version-history":[{"count":17,"href":"https:\/\/iedib.net\/wordpress\/index.php?rest_route=\/wp\/v2\/pages\/4996\/revisions"}],"predecessor-version":[{"id":5875,"href":"https:\/\/iedib.net\/wordpress\/index.php?rest_route=\/wp\/v2\/pages\/4996\/revisions\/5875"}],"wp:attachment":[{"href":"https:\/\/iedib.net\/wordpress\/index.php?rest_route=%2Fwp%2Fv2%2Fmedia&parent=4996"}],"curies":[{"name":"wp","href":"https:\/\/api.w.org\/{rel}","templated":true}]}}